76.
2651
What is the remainder when 227757 is divided by 2128?
61
Calculate the remainder when 993385 is divided by 331084.
133
Calculate the remainder when 2162386 is divided by 5381.
4605
What is the remainder when 2657275 is divided by 442875?
25
What is the remainder when 160860 is divided by 12134?
3118
What is the remainder when 165423 is divided by 775?
348
Calculate the remainder when 23886 is divided by 74.
58
Calculate the remainder when 152016257 is divided by 967.
956
What is the remainder when 1181777 is divided by 109?
108
What is the remainder when 2913042 is divided by 1899?
1875
Calculate the remainder when 92028129 is divided by 491.
490
What is the remainder when 400629 is divided by 2087?
2012
What is the remainder when 163318 is divided by 3402?
22
What is the remainder when 9531398 is divided by 9531356?
42
What is the remainder when 16198054 is divided by 1713?
1639
Calculate the remainder when 8160512 is divided by 17180.
12
Calculate the remainder when 222948 is divided by 111081.
786
What is the remainder when 712235 is divided by 2219?
2155
What is the remainder when 620863 is divided by 683?
16
Calculate the remainder when 30925100 is divided by 4851.
4826
What is the remainder when 282517 is divided by 8390?
5647
What is the remainder when 1079515 is divided by 227?
130
What is the remainder when 10924246 is divided by 1365519?
94
Calculate the remainder when 26589 is divided by 1546.
307
What is the remainder when 27595812 is divided by 705?
702
Calculate the remainder when 547831 is divided by 5465.
1331
What is the remainder when 6319495 is divided by 3159712?
71
Calculate the remainder when 4214511 is divided by 421449.
21
Calculate the remainder when 28004933 is divided by 1337.
131
Calculate the remainder when 1896146 is divided by 530.
336
Calculate the remainder when 11397160 is divided by 1899506.
124
Calculate the remainder when 28009 is divided by 5029.
2864
What is the remainder when 1766994 is divided by 5438?
5082
Calculate the remainder when 44861 is divided by 3053.
2119
Calculate the remainder when 5529325 is divided by 49.
18
What is the remainder when 35841 is divided by 5673?
1803
Calculate the remainder when 282720 is divided by 20166.
396
Calculate the remainder when 2061255 is divided by 2061241.
14
Calculate the remainder when 420877 is divided by 15777.
10675
Calculate the remainder when 304557526 is divided by 11.
9
Calculate the remainder when 1144662 is divided by 381352.
606
What is the remainder when 132662017 is divided by 4708?
4701
What is the remainder when 153817 is divided by 44?
37
Calculate the remainder when 1478970 is divided by 1525.
1245
What is the remainder when 323333 is divided by 107745?
98
What is the remainder when 318250 is divided by 111?
13
Calculate the remainder when 3254142 is divided by 130160.
142
Calculate the remainder when 131168017 is divided by 19.
16
Calculate the remainder when 92670 is divided by 3649.
1445
What is the remainder when 61353 is divided by 357?
306
What is the remainder when 193883 is divided by 64577?
152
Calculate the remainder when 3496376 is divided by 37.
24
What is the remainder when 88789476 is divided by 38?
6
What is the remainder when 206420 is divided by 540?
140
Calculate the remainder when 174982 is divided by 269.
132
Calculate the remainder when 78621830 is divided by 634047.
2
What is the remainder when 14874369 is divided by 1062?
1059
What is the remainder when 74568 is divided by 5099?
3182
What is the remainder when 56112209 is divided by 55?
54
Calculate the remainder when 45204383 is divided by 15068124.
11
What is the remainder when 2326663 is divided by 780?
703
What is the remainder when 371243 is divided by 141?
131
Calculate the remainder when 22990777 is divided by 19.
17
What is the remainder when 13550155 is divided by 2236?
2231
Calculate the remainder when 299956 is divided by 47.
2
What is the remainder when 2758064 is divided by 19?
5
What is the remainder when 1737167 is divided by 868576?
15
What is the remainder when 170324266 is divided by 425?
416
Calculate the remainder when 30450 is divided by 1502.
410
What is the remainder when 14894445 is divided by 1063885?
55
Calculate the remainder when 727589 is divided by 5391.
5195
What is the remainder when 44073733 is divided by 14691221?
70
What is the remainder when 123532 is divided by 2060?
1992
Calculate the remainder when 656578 is divided by 1412.
1410
Calculate the remainder when 849238 is divided by 424600.
38
Calculate the remainder when 149850 is divided by 149833.
17
What is the remainder when 4238554 is divided by 74?
56
Calculate the remainder when 7306522 is divided by 22074.
28
What is the remainder when 220803 is divided by 392?
107
What is the remainder when 1596828 is divided by 2386?
594
Calculate the remainder when 42671611 is divided by 208.
203
Calculate the remainder when 4790411 is divided by 798398.
23
What is the remainder when 7167290 is divided by 1103?
1099
What is the remainder when 74697440 is divided by 137?
108
Calculate the remainder when 81406 is divided by 4116.
3202
Calculate the remainder when 26321676 is divided by 542.
530
Calculate the remainder when 16773050 is divided by 2953.
10
Calculate the remainder when 1006604 is divided by 39.
14
What is the remainder when 29024 is divided by 1332?
1052
What is the remainder when 6331533 is divided by 333238?
11
What is the remainder when 49215 is divided by 16400?
15
What is the remainder when 627275 is divided by 24064?
1611
Calculate the remainder when 248983 is divided by 248971.
12
Calculate the remainder when 368054 is divided by 5498.
5186
What is the remainder when 3729449 is divided by 1081?
1080
Calculate the remainder when 80196 is divided by 8011.
86
What is the remainder when 20572 is divided by 10184?
204
What is the remainder when 6508742 is divided by 2169572?
26
What is the remainder when 1828859 is divided by 2818?
2795
What is the remainder when 812626 is divided by 836?
34
What is the remainder when 670353 is divided by 1470?
33
What is the remainder when 79818162 is divided by 63?
60
What is the remainder when 46320 is divided by 5772?
144
What is the remainder when 209054 is divided by 1250?
304
What is the remainder when 35374294 is divided by 95?
94
Calculate the remainder when 546004 is divided by 674.
64
Calculate the remainder when 52551188 is divided by 9.
8
What is the remainder when 524812 is divided by 174767?
511
Calculate the remainder when 1011237 is divided by 1578.
1317
Calculate the remainder when 8970754 is divided by 3727.
3592
What is the remainder when 388595 is divided by 7930?
25
Calculate the remainder when 419616 is divided by 13536.
0
What is the remainder when 2575078 is divided by 141?
136
Calculate the remainder when 294147 is divided by 50.
47
What is the remainder when 246422970 is divided by 658?
654
Calculate the remainder when 7328577 is divided by 61.
37
What is the remainder when 3947997 is divided by 48?
45
What is the remainder when 108822806 is divided by 4837?
4817
Calculate the remainder when 10842773 is divided by 145.
108
Calculate the remainder when 873038777 is divided by 9.
5
Calculate the remainder when 244789512 is divided by 40798249.
18
What is the remainder when 12246679 is divided by 2449335?
4
What is the remainder when 69473 is divided by 34332?
809
What is the remainder when 5014 is divided by 26?
22
What is the remainder when 123048 is divided by 15332?
392
What is the remainder when 4974288 is divided by 994730?
638
What is the remainder when 2541955 is divided by 1291?
1267
Calculate the remainder when 85877 is divided by 708.
209
Calculate the remainder when 64929827 is divided by 21643267.
26
What is the remainder when 39419 is divided by 433?
16
What is the remainder when 11022958 is divided by 999?
991
What is the remainder when 985027 is divided by 812?
71
Calculate the remainder when 2462536 is divided by 28634.
12
Calculate the remainder when 1532640 is divided by 606.
66
What is the remainder when 16630587 is divided by 34?
31
Calculate the remainder when 418263215 is divided by 1699.
1696
Calculate the remainder when 337347 is divided by 776.
563
Calculate the remainder when 2448